-28 + 52. Suppose 0 = n*p - 6365 - 2314. Is p a prime number?
False
Suppose 0 = 5*d, 2*d + 3*d - 814 - 1501 = -5*k. Is k a composite number?
False
Let f = 8654 + -1867. Is f a composite number?
True
Suppose p - 10 = -5, 4*y + 17452 = 4*p. Let w = 8431 + y. Is w a prime number?
True
Let z = -49139 + 417582. Is z prime?
True
Suppose -20*o + 15*o = 0, 0 = -5*k + 5*o + 8497715. Is k a composite number?
False
Let u(i) = -1216*i**3 + i**2 - 12*i - 5. Let p be u(-7). Is 2/(-10) + p/480 a composite number?
True
Let p = -17426 + 11923. Let w = 5902 - p. Is w a prime number?
False
Let k(r) = -r**2 + 4*r + 5. Let f be k(5). Suppose -8 = -2*l - f. Suppose 0 = 3*z - 5*a - 1472, -1986 = -l*z - 0*z + 2*a. Is z prime?
True
Let n(v) be the first derivative of 755*v**3/3 + 11*v**2 + 6*v + 116. Is n(-5) composite?
True
Let w(u) = 96 + 87*u**3 - 5*u**2 - 195 + 103. Let t be w(4). Suppose a = 1, 0 = 2*q + q + 5*a - t. Is q a composite number?
True
Let m(y) = y**3 + 6*y**2 + 19*y + 114. Let b be m(-6). Suppose 3*g - 3*t = 22509, b = 2*g - 3*t - 22006 + 6996. Is g a prime number?
True
Is (-3 - 610147/(-34))/((-1)/(-2)) a composite number?
True
Suppose 4*d + 0*d - 2*u - 62 = 0, 64 = 5*d + 2*u. Suppose -84 = -d*m + 12*m. Is (1352/m - (-10)/70)*3 composite?
False
Let t(k) = 511*k**3 + 28*k**2 - 19*k + 31. Is t(6) composite?
False
Let s(z) = -1519*z**2 + z - 6. Let v be s(4). Is 8/160*-4 - v/5 a composite number?
False
Suppose -2669782 = -44*c - 779850. Is c a prime number?
True
Let p = 27302 - 19245. Is p a composite number?
True
Let r be 4/(-10) - 8/(-20). Let q(i) = -2*i**2 + 2. Let m be q(r). Is 285 + m + 3 - -3 prime?
True
Let f = 589794 - 318213. Is f a composite number?
True
Let d(h) = -32*h + 59*h - 32*h + 215 - 12*h. Is d(-24) a composite number?
True
Suppose 42223 + 6653 = 12*a. Suppose 2*y + 3*g - 18742 = 0, -y - 2*g + a + 5298 = 0. Is y a prime number?
True
Is 2/50 - (-378597226)/1225 a composite number?
False
Suppose o - 3*l - 34523 = 17688, o = 2*l + 52217. Is o a prime number?
False
Let n be -1 - 796/(-1 + -1). Suppose -q + 45*t - 42*t + 276 = 0, 4*q = 3*t + 1086. Let d = n + q. Is d a composite number?
True
Let d be ((-2)/3)/(56/3108). Is 1 + -7 + d + 6260 a composite number?
False
Suppose 10*j - 652941 + 180731 = 0. Is j prime?
True
Is 4/(-6)*(-1410594968)/1104 - (-4)/9 a prime number?
False
Let f = 54723 + -8186. Is f composite?
True
Let y be (28/6)/7*15669/6. Let s = y - 230. Is s prime?
True
Suppose -10204047 + 8309747 = -76*i + 12602320. Is i a prime number?
False
Let z(y) = 6343*y**2 - 24*y - 35. Is z(-2) prime?
False
Let r(j) = 4722*j**2 + 120*j + 109. Is r(-7) a composite number?
False
Let i(h) be the second derivative of h**4/4 - h**3/6 + 7*h**2/2 + h. Let x = -166 + 169. Is i(x) composite?
False
Suppose 4063 + 425 = 33*x. Let c(j) = -j - 8. Let f be c(-8). Suppose -2*w + x = 4*k - 34, w + 5*k - 88 = f. Is w a prime number?
True
Let p(q) = -67*q**2 - q + 4. Let i be p(-5). Let c = -642 + i. Let s = -1621 - c. Is s a composite number?
True
Is (13 + 435503/3)*(-3)/(-2) prime?
True
Suppose -d - 5*j + 17 = 0, 4*d + 0 = 2*j + 2. Let v = -1406 - -2052. Suppose 2*u = 3*x - 4799, 4*x + v = d*u + 7048. Is x a prime number?
False
Let l(t) = t**3 - 4*t**2 + 5*t. Let s be l(3). Is 959 - (4*(-3)/6 + s) composite?
True
Let a = -55455 + 86306. Let k = -18334 + a. Is k a composite number?
False
Is 5542839/33 + -4 + 54/297 composite?
True
Suppose 13*i - 5 = 8. Is (1 + i)*((-4738)/(-4) + 0) a prime number?
False
Let k(l) = 2*l - 7. Let x be k(6). Suppose 0 = -5*c + 7*q - 6*q + 53855, -2*c = x*q - 21542. Is c a prime number?
True
Let c be 2 + (-14020)/(-8)*2. Let d be 15/((75/7525)/((-8)/14)). Let b = c + d. Is b a composite number?
False
Suppose 51*f + 7791 = 52*f. Let a = f - 5396. Is a prime?
False
Let h = 3 + -4. Let p be -2 - h - (2 + -3). Is (4/3)/(2/1227 + p) composite?
True
Let j = 13 + 13. Suppose 8595 = 59*o - 50*o. Suppose j*m = 21*m + o. Is m a prime number?
True
Suppose 0 = -2*p - 10, -4*w + 8*w + 5*p = 1073811. Is w prime?
True
Suppose -2*a + 193554 = -3*j, -a - 9*j + 5*j + 96777 = 0. Suppose 48*r = 57*r - a. Is r composite?
False
Let k(s) = -s**3 - 17*s**2 + 2*s - 27. Let n be k(-17). Let b = n - -562. Is b a composite number?
True
Let v = 63 + -69. Let a be v/(3 + -15) + 6/4. Suppose 3*i = a*f + 911, 5*i - f - 1530 = -0*f. Is i a composite number?
False
Suppose 3*n = -5*u + 591476, 43*u + 3*n + 236603 = 45*u. Is u a prime number?
True
Let y be 9432/4 + 3/1. Suppose -y = -6*r + 7581. Is r a prime number?
True
Suppose 6*h - h = -3*w, -19 = -2*w + 3*h. Suppose 3*m - 1 = -d + w, -4 = -d - 2*m. Suppose -12*l - 1664 + 9956 = d. Is l prime?
True
Suppose -5*f = -5*t - 20, 3*f + 0*t = -2*t + 27. Let k be (-149 - 0)/(f + 58/(-8)). Let o = k + -118. Is o prime?
False
Let k = -5203 + 13694. Is k composite?
True
Let x(b) = 6*b**3 - 12*b**2 - 48*b - 11. Is x(12) a prime number?
True
Is (-7 + 4)/((-4)/12) + 148480 prime?
False
Let u = -7 - -12. Let v = -3288 - -5180. Suppose -4*l = -u*z - v, -4*l = 3*z + 72 - 1996. Is l a prime number?
False
Let r(u) = 1 + 39*u - 2 + 2 + 2. Let s be r(-1). Is (-4128)/s - 1/(-3) composite?
True
Let w be 3 + (-4 - 0 - (5 - -758)). Let s = 1395 + w. Is s prime?
True
Suppose -10*y - 31620 = -143590. Is y prime?
True
Let y be 41/82*-1154*23. Let t = 22530 + y. Is t a composite number?
True
Let l(y) = y + 9. Let u be l(-7). Suppose -u*c + 0*c - 4 = 3*r, -2*c - 2*r = 0. Suppose c*s - m = -6*m + 166, 0 = -s - 4*m + 47. Is s a composite number?
True
Let y(l) = -21983*l + 3513. Is y(-50) prime?
True
Suppose 25*v - 1618509 - 1146416 = 0. Is v composite?
False
Suppose 20*a - 552640 = -5*h + 15*a, 2*h + a = 221055. Is h composite?
False
Let a(z) = -177*z**3 + 18*z**2 - 6*z + 8. Is a(-5) composite?
False
Suppose 0 = -5*z + 35, 3*p + 26*z - 20*z = 19035. Is p a prime number?
False
Let u = -24960 + 52681. Is u a composite number?
True
Let a be (-2)/2*2192*(-111)/148. Suppose 0 = 2*u - a - 1022. Is (u + 25/5)*2/6 composite?
True
Let n(r) = r**3 - 18*r**2 - r - 13. Suppose 5*i - 7 - 1 = -2*v, i - 3*v = 5. Suppose 0 = -i*y + 48 - 8. Is n(y) composite?
True
Let i = -366 + 366. Suppose w - 2 = i, 8*t + 2*w = 3*t + 19109. Is t a prime number?
True
Is 371/(-1855)*(-1744057 - -2) composite?
False
Suppose 0 = -8*b + 8 + 16. Suppose -3*q + 0*c - 5*c = -2006, b*q - 2036 = c. Is q a composite number?
False
Let d(x) = -20*x**3 + x**2 - x. Let b(c) = -2*c**2 - 16*c - 13. Let p be b(-7). Let k be d(p). Let n(l) = -37*l - 43. Is n(k) composite?
True
Let a(n) = 25*n**3 + 21*n**2 - 102*n - 40. Let t(j) = -7*j**3 - 5*j**2 + 25*j + 10. Let b(k) = 2*a(k) + 9*t(k). Is b(-9) prime?
False
Let y be 3 - ((-94)/(-8))/((-17)/40732). Suppose y + 10245 = 11*c. Is c a prime number?
True
Suppose 0 = -3*k - 2*c + 4*c - 5026, -4*c + 6704 = -4*k. Let s = -1128 + 1277. Let p = s - k. Is p composite?
False
Let b be 2/(-9) - (-318)/(-27). Is 479*(-1)/(6/b) a prime number?
False
Let d(y) = 271 - 482 + 6*y + 260. Is d(-5) composite?
False
Let r(g) = -28*g**2 + 16*g - 12. Let l be r(-13). Let i = -10267 - l. Let b = i + 9850. Is b a composite number?
True
Let b be 476/(-51)*6/(-2). Suppose -b = 14*z - 0. Is (-1)/((-6)/(-31308)*z) a prime number?
True
Let f(a) = a**3 + 24*a**2 + 20*a - 57. Let r be f(-23). Is (2222/(-4))/(150/r - 13) a composite number?
True
Let q = 44 - 42. Let b(a) = 478*a + 4. Let t be b(q). Let n = t - 298. Is n a composite number?
True
Is 80015/(1/1) + 5 + 42/7 a composite number?
True
Suppose 10*s = 6*s + 16, -s = 3*d + 71. Let v(g) = -1422*g + 283. Is v(d) composite?
True
Let d = -160932 - -619387. Is d prime?
False
Suppose 8*l = 3*l - 24975. Let x = l - -10430. Suppose -p - x = -6*p. Is p prime?
True
Suppose 244*p - 17305545 + 5551310 = 4330489. Is p composite?
False
Let i(y) = -15861*y**3 + y**2 - y - 4. Is i(-1) composite?
False
Suppose 0 = -9*n - 14*n + 1314388 + 753105. Is n composite?
False
Suppose 2*a - 3*s = 3*a - 65, a - 5*s = 81. Suppose -76*f + 85795 = -a*f. Is f a prime number?
True
Let s = 65 - 68. Is (10 + s)*21/(0 - -3) prime?
False
Let q be -3 - ((-2)/5 + 7/5). Let c be 1153/4 + 1/q. Suppose y - c = 79. Is y a composite number?
False
Is ((-28)/98 - (-807087)/126)/(3/18) prime?
True
Suppose -7360 = 15*c - 10*c. Suppose 1268 = 3*k - 7159. Let j